on factor of 81 and 2300643.
81
What is the highest common factor of 105 and 3185?
35
Calculate the greatest common factor of 32 and 54256.
16
Calculate the highest common divisor of 61440 and 30.
30
Calculate the greatest common factor of 3642720 and 36.
12
What is the greatest common divisor of 548400 and 960?
240
Calculate the greatest common divisor of 228670 and 260.
130
What is the highest common divisor of 1098 and 11412?
18
What is the greatest common factor of 12522 and 15?
3
What is the greatest common factor of 4301 and 659362?
187
Calculate the greatest common factor of 418 and 1558.
38
What is the greatest common factor of 658691 and 163966?
2827
Calculate the highest common factor of 33 and 372.
3
Calculate the highest common factor of 3 and 211443.
3
Calculate the greatest common factor of 36364 and 32.
4
Calculate the greatest common divisor of 10409 and 7.
7
What is the highest common divisor of 1183 and 3731?
91
What is the greatest common factor of 260 and 176820?
20
What is the highest common factor of 49 and 355348?
49
What is the highest common factor of 15431039 and 13?
13
Calculate the highest common divisor of 145 and 49271.
29
What is the greatest common factor of 6116 and 6556?
44
What is the greatest common divisor of 428 and 253697?
107
Calculate the greatest common factor of 624 and 6000.
48
What is the highest common factor of 6969 and 808?
101
What is the highest common factor of 1764 and 211932?
252
What is the highest common factor of 642584 and 376?
376
What is the highest common divisor of 48 and 2563452?
12
What is the highest common factor of 9 and 5218461?
9
What is the highest common divisor of 925776 and 1728?
432
What is the greatest common factor of 2709 and 6708?
129
Calculate the greatest common factor of 18594 and 306.
18
What is the greatest common divisor of 161451 and 123?
3
Calculate the greatest common factor of 60 and 3156630.
30
Calculate the greatest common factor of 62976 and 1107.
123
What is the highest common factor of 234516 and 12?
12
What is the highest common factor of 4912 and 128?
16
What is the highest common factor of 60419 and 93?
31
Calculate the greatest common factor of 136695 and 390.
195
What is the highest common divisor of 7285 and 14335?
235
What is the highest common factor of 236 and 132?
4
Calculate the greatest common divisor of 49660 and 40.
20
What is the greatest common divisor of 304 and 39064?
152
Calculate the greatest common factor of 35 and 210875.
35
What is the highest common factor of 400081 and 77?
11
What is the greatest common divisor of 15387 and 21631?
223
Calculate the greatest common factor of 119215 and 5.
5
What is the highest common factor of 3688 and 579477?
461
What is the highest common factor of 4147 and 928?
29
What is the greatest common divisor of 867814 and 248?
62
What is the highest common divisor of 1386 and 576?
18
What is the highest common divisor of 133 and 2869?
19
What is the highest common divisor of 371810 and 10?
10
What is the highest common factor of 1809430 and 210?
70
Calculate the greatest common divisor of 788 and 10.
2
What is the highest common divisor of 328 and 629104?
328
Calculate the greatest common divisor of 2876 and 3584.
4
What is the highest common divisor of 25748 and 13571?
41
What is the greatest common divisor of 7812 and 4284?
252
Calculate the greatest common divisor of 12886 and 85.
17
What is the highest common factor of 2320 and 10096?
16
Calculate the highest common divisor of 141 and 1896027.
141
Calculate the highest common divisor of 520 and 188175.
65
What is the greatest common divisor of 280 and 118790?
70
What is the highest common divisor of 18 and 91642?
2
What is the highest common divisor of 99268 and 156?
52
What is the greatest common divisor of 128 and 24704?
128
What is the greatest common divisor of 16 and 33250?
2
Calculate the highest common factor of 504 and 76256.
8
What is the greatest common divisor of 5926152 and 12?
12
Calculate the highest common factor of 62704 and 2512.
16
Calculate the highest common factor of 714640 and 10.
10
Calculate the highest common divisor of 7634 and 415012.
694
Calculate the highest common divisor of 1585616 and 904.
904
Calculate the greatest common divisor of 413 and 112.
7
What is the greatest common factor of 7358 and 1521?
13
Calculate the highest common divisor of 61748 and 3231.
359
Calculate the highest common factor of 1197 and 1111509.
63
Calculate the highest common factor of 98600 and 667.
29
Calculate the highest common divisor of 1183730 and 70.
10
What is the highest common divisor of 6721 and 335439?
611
What is the greatest common factor of 152 and 13304?
8
What is the highest common divisor of 464 and 93960?
232
What is the greatest common factor of 93791 and 852?
71
Calculate the greatest common divisor of 10356 and 444.
12
Calculate the highest common divisor of 7744 and 664.
8
Calculate the greatest common divisor of 2847476 and 1264.
316
Calculate the greatest common factor of 1170 and 146445.
195
What is the greatest common divisor of 372 and 1363287?
93
What is the highest common divisor of 3753 and 12933?
27
Calculate the highest common factor of 2997 and 9630.
9
Calculate the highest common divisor of 384090 and 210.
210
Calculate the greatest common divisor of 576350 and 30.
10
Calculate the greatest common divisor of 129143 and 23009.
133
What is the highest common factor of 272 and 144262?
34
What is the highest common factor of 984 and 183639?
123
What is the highest common divisor of 20097 and 8352?
261
What is the highest common factor of 11951 and 163540?
629
Calculate the highest common divisor of 119413 and 343.
49
What is the greatest common divisor of 7992 and 4020?
12
Calculate the greatest common factor of 97794 and 162.
54
Calculate the greatest common divisor of 400 and 40350.
50
What is the greatest common factor of 4895 and 3663?
11
Calculate the greatest common factor of 141246 and 252.
126
Calculate the highest common factor of 64652 and 56.
28
What is the greatest common factor of 66689 and 49?
49
Calculate the greatest common factor of 759 and 8096.
253
Calculate the highest common factor of 448473 and 6.
3
Calculate the greatest common factor of 17 and 68017.
17
What is the highest common factor of 1368 and 45432?
72
Calculate the greatest common divisor of 20440 and 438.
146
Calculate the highest common divisor of 3970 and 1200131.
397
What is the highest common divisor of 110 and 43758?
22
Calculate the highest common factor of 4351516 and 52.
52
Calculate the greatest common factor of 105 and 736115.
5
Calculate the highest common factor of 390 and 132705.
15
Calculate the highest common divisor of 111390 and 51888.
282
What is the greatest common factor of 232 and 1294676?
116
Calculate the greatest common divisor of 1875 and 1940000.
625
What is the highest common divisor of 411815 and 575?
115
What is the greatest common divisor of 5688608 and 544?
544
What is the greatest common divisor of 2262 and 494?
26
What is the highest common factor of 605 and 1760?
55
What is the highest common factor of 7800 and 48?
24
What is the highest common divisor of 186 and 3177903?
93
What is the greatest common divisor of 5658 and 1386?
6
What is the highest common factor of 584 and 74533?
73
Calculate the highest common divisor of 190 and 280820.
190
Calculate the highest common divisor of 317757 and 22.
11
Calculate the greatest common divisor of 20608 and 14.
14
Calculate the greatest common factor of 290994 and 132.
66
What is the highest common divisor of 36408 and 81474?
222
Calculate the highest common factor of 84 and 2018028.
12
Calculate the highest common divisor of 11 and 147508.
1
Calculate the highest common factor of 5 and 44185.
5
Calculate the highest common factor of 2877 and 29589.
21
What is the highest common factor of 392 and 207368?
392
What is the greatest common divisor of 597 and 771324?
597
Calculate the greatest common divisor of 3872 and 49247.
121
What is the highest common factor of 59625 and 450?
225
What is the highest common factor of 1272923 and 622?
311
What is the highest common factor of 32196 and 24?
12
What is the greatest common divisor of 75 and 104925?
75
Wha